 ((1 - 1) + 0).
-4
3 - (7 - 11 - (0 + -8))
-1
What is the value of (3 - 5) + (3 - (2 - -2))?
-3
Calculate -6 + -1 - (1 - 0 - 4).
-4
Calculate -3 + 12 + 3 + -8 + -2.
2
-11 + (-3 - -10) + 1
-3
Calculate 4 + (0 + -4 - 4).
-4
What is 1 - ((-3 - (6 - 5)) + 11)?
-6
-5 + 13 + -2 + (-7 - 3)
-4
(6 - 15) + 17 + -16
-8
Evaluate 2 - (-1 + -3 - -9).
-3
What is the value of -8 + (-10 - -15) + 4?
1
What is (-1 - -5 - 5) + 3?
2
What is (0 - -1) + -5 + 1 + -1?
-4
What is (3 + -4 + 2 - 5) + 5?
1
Calculate 1 - -7 - (33 + -20).
-5
Calculate -1 + (6 - 0 - 11).
-6
What is 6 + 1 + 7 + -11?
3
Evaluate 8 + -3 - (-3 - -4).
4
Evaluate 1 + 0 + -3 + (5 - 4).
-1
What is the value of -1 + -1 + 2 + 2 - 6?
-4
(1 - -2) + (-106 - -99)
-4
-2 + (0 - (-1 + 0 + -2))
1
1 - ((0 - 1) + 7) - 0
-5
Evaluate 9 - 2 - 4 - 1 - 7.
-5
What is the value of 1 + 1 + (9 - 3) + -6?
2
What is (2 - -8 - 6 - 11) + 4?
-3
What is the value of (4 - 2) + 3 + (-2 - 2)?
1
Evaluate -1 + -3 + 11 + -10.
-3
1 - 0 - (45 + -35)
-9
What is -4 - -1 - -4 - 3?
-2
What is -2 - 0 - -1 - (-33 - -37)?
-5
Evaluate -4 - (6 - -1 - 0) - -4.
-7
Evaluate (1 - (-4 - (-14 + 1))) + 5.
-3
What is (7 - 2) + -9 + (-10 - -9)?
-5
What is the value of -9 + (-4 - (-14 + 12))?
-11
Calculate 8 + -1 - (1 - -2).
4
11 + -12 - (4 + -1)
-4
What is the value of -1 + -2 - (2 - (13 - 4))?
4
What is -2 + 4 + (-11 - (10 + -15))?
-4
(-1 - 2) + -3 + 7
1
What is the value of -3 - (4 - 0 - 2)?
-5
What is the value of 7 + (9 - 2) + -5?
9
What is -4 + (5 - -2) + 1 + 2?
6
What is the value of 6 - (-7 - (-2 - 11))?
0
Evaluate -1 + 3 + -5 - -1.
-2
What is the value of 0 + (1 - (-3 + -5 - -4))?
5
Evaluate 8 - (-1 - (-2 - 2)).
5
(1 - 1) + 2 + (-2 - 2)
-2
What is the value of (2 - (0 + 1)) + -21 + 17?
-3
What is the value of -16 - (-21 - (-18 - -7))?
-6
What is the value of -12 - (-13 - -11) - -18?
8
What is 8 + -3 + (-3 - -1)?
3
Evaluate (17 - (-6 + 11)) + -6.
6
-4 + -3 + 2 + (-3 - -11)
3
What is -6 + 5 - (0 + 2 + -1)?
-2
Calculate 35 + -38 - (-8 - -1).
4
What is 0 + 0 - (2 + -12 - -4)?
6
Calculate (-2 - -4) + -3 + 1.
0
What is (6 - 5) + 2 + -7 - 1?
-5
What is 13 - -2 - 11 - (12 + -2)?
-6
Evaluate -2 + 5 - (2 + -3 + 5).
-1
What is -4 + (-4 + 7 - 4)?
-5
Calculate -3 - (3 + -3 + 1).
-4
2 + 2 + -4 + (-1 - 3)
-4
(0 + -4 - 0) + 8 + -9
-5
What is the value of 1 - -1 - (5 + 0 + 2)?
-5
What is -13 + 2 - (-4 + -3)?
-4
5 + (3 - 18) - 0
-10
What is 5 - (-2 + 7) - -4?
4
Calculate 5 + (-2 + 0 - 2).
1
-1 + -3 + 5 + -3
-2
What is -2 + (4 - 1) - (2 - -1)?
-2
What is (-6 - -12) + -6 + -2?
-2
-3 + 12 - (10 + -1)
0
What is -2 - (-3 + -1) - (13 + -7)?
-4
(7 - 6) + -6 + 1 + -2
-6
Evaluate 5 - -3 - (5 - 1).
4
Evaluate 7 - 5 - (3 - 3).
2
What is the value of (0 - (-3 - 1 - 4)) + -4?
4
Calculate 2 + 2 + 3 + -8.
-1
2 + (8 - -1) - 10
1
Evaluate (1 - 13) + 3 - -12.
3
What is 1 - (-3 + 0 - (-7 - 1))?
-4
Calculate -11 + 8 + (2 - -4) + -12.
-9
1 + 3 + -8 + 9
5
4 + (2 + 3 - 9)
0
Evaluate (4 - (6 + 0)) + (7 - 5).
0
What is -8 + (2 - (3 + 0 + -4))?
-5
(1 - 3) + (0 - -1) - -1
0
2 + -1 - 5 - (-2 + 0)
-2
Calculate (-1 - (1 - -10)) + -3 + 10.
-5
Evaluate -2 + (5 - 1 - (15 - 16)).
3
Calculate -3 + -12 + 5 + 5.
-5
Evaluate -1 + 0 + (2 - 2) + -1.
-2
What is the value of -2 - 1 - (7 - 5)?
-5
What is the value of (29 - 13) + -10 + -12?
-6
Calculate -3 + (23 - 13) - (0 + 14).
-7
Calculate 7 - (7 - (3 - 0)).
3
Calculate -2 - (-8 - (1 - (1 - -1))).
5
What is -6 + (2 - (5 + -8)) + -4?
-5
What is 6 + (6 - 3) - (15 + -15)?
9
What is the value of (2 - 8) + (2 - -8 - -2)?
6
Evaluate -5 - (1 + (4 - 3 - 1)).
-6
-9 + 6 - (-10 - -4)
3
-24 + 32 - (14 - 2)
-4
6 + -3 + (-5 - -1) - 1
-2
Evaluate -5 - (7 + 1 - (7 + -1)).
-7
Calculate -9 + 2 + (-5 - -4) + 4.
-4
What is -3 - (-4 + 4 + 1)?
-4
Calculate -1 + 1 - -2 - 1.
1
What is the value of -4 + (-10 - -6 - (-7 - -1))?
-2
Calculate -8 + (-3 + 11 - 4).
-4
(7 + -4 - -1) + 1 + -1
4
(11 - 11) + -3 + 4
1
What is (10 - 4 - 7) + -1 + -1?
-3
Evaluate 5 + (-1 + -2 - (-2 - 0)).
4
Evaluate (-1 - (-6 + 8)) + -6 + 1.
-8
What is the value of 3 + 4 + -6 + 4?
5
What is (5 - (-1 - -7)) + 2 + -2?
-1
4 + (3 + -1 - 3 - 3)
0
What is the value of 5 + -7 - (-5 + 1)?
2
Evaluate -3 - (1 + -8) - 0.
4
Calculate -5 + (-14 - -9) - -6.
-4
(12 - (3 + 5)) + -9 + 3
-2
What is -8 - ((-14 - -9) + -4)?
1
Calculate 3 - (2 - 1 - -5).
-3
2 + -1 + 0 + 3
4
(-8 - 13) + 14 - -13
6
Evaluate 9 + (-4 - 0) + 2 - 3.
4
What is (-9 - -13) + (0 - (2 + 3))?
-1
What is the value of -4 - (9 - (9 + -4))?
-8
(8 - (-3 - -5)) + (-9 - -7)
4
What is the value of 3 + 4 - (-6 - -8)?
5
Calculate -4 + (2 - -3 - -3).
4
What is the value of (-7 - -13) + -2 - 8?
-4
What is the value of -4 - -4 - ((0 - -2) + -7)?
5
(-39 - -41) + (-1 - 8) - -5
-2
18 + -9 + -4 + -3
2
Calculate (-3 - -1) + (-1 - -7).
4
Calculate 5 + -3 - (2 - 5).
5
Calculate -10 - (-25 - -10) - 8.
-3
7 - (4 + 0 - 0)
3
What is the value of -1 + 7 + -3 + (-12 - -17)?
8
Calculate 1 + (1 - (1 + 2)) - 1.
-2
Calculate -1 + (4 - (1 - 2)).
4
What is the value of 6 + 1 + (4 + -8 - -2)?
5
Evaluate -2 + 4 + 4 + -9.
-3
Evaluate ((2 - 2) + -1 - 6) + 3.
-4
Evaluate -2 + 1 + 3 + (3 - 0).
5
Calculate -6 + 13 + -4 - 5.
-2
What is (-8 - -4 - -15) + -7?
4
0 - (6 + -11 + 3 - -3)
-1
What is -3 + 1 + 6 + -2?
2
Evaluate (2 - 1 - (3 + -1)) + -2.
-3
Evaluate 5 + -1 + (-12 - (19 + -33)).
6
Evaluate (0 - 8) + 17 - 7.
2
Evaluate 0 - ((7 + -13 - 0) + 11).
-5
What is the value of (-12 + 11 - 3) + -1?
-5
-6 + (-8 - -20) + (2 - 0)
8
Calculate (-13 - -15) + 3 + -4.
1
What is (-20 - (3 - 7)) + 6?
-10
Evaluate (4 - -1 - (32 - 31)) + -4.
0
18 + (-1 - 9) + -17
-9
Evaluate -3 + 1 - (0 - (3 + -4)).
-3
What is the value of 4 + -2 + -11 + 9?
0
-4 + (3 - 1) + 10
8
What is -15 - (-31 - -16) - (-6 + -2)?
8
What is the value of -4 + (9 + -6 - (2 + 0))?
-3
What is (0 - 6) + (37 - 38)?
-7
Evaluate (4 - 2) + (-1 - -4) + -3.
2
-16 - (-12 - 3 - -9)
-10
What is (-7 - -8 - 2) + 7?
6
What is -3 - (-5 - -3) - (1 - 4)?
2
Evaluate -2 - (7 + -2 + -12).
5
What is 3 - ((1 - 4 - 0) + 5)?
1
Calculate (2 + 4 + -8 - -3) + 2.
3
What is -2 + (6 - (-1 - -6))?
-1
What is 1 - -3 - (1 - (2 - 0))?
5
-7 + (-4 + 1 - -8)
-2
Evaluate 0 - (-3 + -2 + 2 + 6).
-3
Calculate 6 - (2 - -5 - 4).
3
Evaluate 0 - (4 + -1 - 6) - 7.
-4
Calculate 9 - ((1 - 1) + 4).
5
What is 2 - (4 + -7 + 3)?
2
6 - (-6 + -2 + 12)
2
What is the value of 1 - 2 - (-2 + -7 - -3)?
5
5 + -6 + -1 + (-8 - -6)
-4
What is the value of -1 - (-19 + 7 - -9)?
2
(-8 - -13) + -5 + 6
6
Calculate 4 - (-3 - (-3 - -5 - 9)).
0
What is -1 + (4 - -1 - 2)?
2
Evaluate 0 + 5 + -1 + -10.
-6
Evaluate -5 - -12 - (4 + -1) - 5.
-1
(66 - 61) + (1 - 4)
2
What is the value of (2 - 4) + -4 + 9?
3
-3 + -9 + 5 + 1 - 1
-7
Calculate -8 + 9 + -4 + -2.
-5
What is the value of (0 + 9 - 1) + -3 + -1?
4
Evaluate (1 - (-1 - 0)) + -11.
-9
Calculate -1 - (-2 + 6 + 0 - 0).
-5
What is the value of -2 - ((5 - 3) + 0 + -2)?
-2
What is the value of 0 - ((-4 - 0) + 2 + -4)?
6
What is the value of -2 + 8 + -7 - -4?
3
-2 + (-9 + 11 - (-2 + 1))
1
What is -2 - 4 - ((-12 - -5) + 5)?
-4
9 + -10 + 2 + (-8 - 0)
-7
(3 - (1 - -5)) + 1 + -3
-5
What is the value of 5 - (7 - (4 + -3))?
-1
Evaluate 1 - (2 + -2 + 3) - -3.
1
What is 1 - (1 - (-4 - -4))?
0
Calculate 8 + (-4 - 10) - (2 - 18).
10
What is the value of 7 + -19 + 13 + -10?
-9
What is 7 - 22 - (10 - 18)?
-7
Evaluate -4 + -1 + 23 + -10.
8
What is the value of 2 + 6 + (-1 - 3)?
4
Evaluate -112 + 126 + -8 + 1.
7
What is the value of 7 + -10 + 0 + 3?
0
What is the value of 0 + -2 + 8 - (-1 + 2)?
5
What is 9 + (11 - 9) - 20?
-9
6 + 8 + -3 - -2 - 6
7
Evaluate -7 + -5 + 22 - 4.
6
What is the value of -1 - (5 + (-3 - 1)) - 0?
-2
Calculate 3 - (-1 + 1 + 7).
-4
Evaluate -11 - (-5 - (-4 + 3)).
-7
Calculate 3 + (-3 - 1) + 1.
0
What is 5 - 0 - (2 + 11 - 11)?
3
5 - ((-3 - 2) + 5 - 1)
6
-11 + -2 + 3 + (146 - 142)
-6
3 + (2 - -1 - 9) + 5
2
4 + (3 + -5 - 4)
-2
What is 2 + -7 + 3 - (-1 - 5)?
4
What is 6 + (-6 - -1) + 3?
4
9 - (24 + -12 + -10)
7
What is -9 + 12 - (-5 - -1 - -2)?
5
What is (2 + -11 - -4) + -3?
-8
Calculate 4 + -5 - (-3 - -7).
-5
3 - (5 - 4) - (-15 - -15)
2
Calculate (-7 - -6) + (0 - -4 - -1).
4
3 - (3 - (-4 - -2 - -2))
0
Calculate (11 - 16) + 11 - 7.
-1
What is the value of 7 + -5 + -6 - -12 - 13?
-5
What is (-21 - -19) + 1 + 3?
2
Calculate -5 - (-10 - (-9 + 0)).
-4
-1 - 2 - (5 + -